e
Does 241 divide 5777403?
False
Is 6984660 a multiple of 29?
False
Is 469916 a multiple of 42?
False
Is 20 a factor of 16040?
True
Does 90 divide 1248485?
False
Is 1908284 a multiple of 532?
True
Is 18 a factor of 732968?
False
Is 96 a factor of 357767?
False
Is 1235114 a multiple of 408?
False
Does 158 divide 996005?
False
Is 2369281 a multiple of 4?
False
Is 1961 a factor of 7492115?
False
Does 484 divide 3527876?
True
Is 677586 a multiple of 438?
True
Does 400 divide 1520000?
True
Is 172 a factor of 2860533?
False
Is 32 a factor of 4525984?
True
Does 5 divide 495502?
False
Is 2 a factor of 152642?
True
Is 56 a factor of 6035766?
False
Is 65 a factor of 864229?
False
Does 51 divide 128814?
False
Does 11 divide 248272?
False
Is 14139 even?
False
Is 867672 a multiple of 54?
True
Is 53 a factor of 104675?
True
Is 118 a factor of 117045?
False
Is 67 a factor of 6108054?
False
Does 5 divide 6573154?
False
Is 24 a factor of 342547?
False
Does 161 divide 3419401?
False
Does 193 divide 246075?
True
Does 37 divide 2279931?
False
Is 261932 a multiple of 44?
True
Is 800051 a multiple of 58?
False
Is 6130880 a multiple of 8?
True
Is 16 a factor of 7650?
False
Does 266 divide 768474?
True
Is 62 a factor of 3900338?
False
Is 7699419 a multiple of 637?
True
Does 369 divide 90774?
True
Is 383168 a multiple of 108?
False
Is 451192 a multiple of 46?
False
Is 13240028 a multiple of 31?
False
Does 58 divide 242230?
False
Does 6 divide 27567?
False
Is 41998 a multiple of 46?
True
Is 64260 a multiple of 17?
True
Is 47 a factor of 2697184?
False
Does 99 divide 565484?
False
Is 230 a factor of 368403?
False
Is 5596 a multiple of 2?
True
Is 557516 a multiple of 63?
False
Does 8 divide 465925?
False
Is 180 a factor of 228240?
True
Is 137339 a multiple of 28?
False
Does 11 divide 2923577?
False
Does 182 divide 1027076?
False
Is 8182467 a multiple of 8?
False
Is 12 a factor of 7786?
False
Is 385 a factor of 612150?
True
Is 421940 a multiple of 365?
True
Does 137 divide 5621932?
True
Does 1283 divide 3909339?
False
Does 591 divide 397152?
True
Is 20 a factor of 236920?
True
Does 18 divide 6763266?
True
Is 2635078 a multiple of 15?
False
Is 5140303 a multiple of 238?
False
Does 4 divide 238808?
True
Is 103 a factor of 331248?
True
Is 13264379 a multiple of 93?
False
Does 357 divide 613005?
False
Does 503 divide 185104?
True
Is 2160034 a multiple of 19?
True
Is 939 a factor of 5566392?
True
Does 24 divide 342814?
False
Does 2 divide 94058?
True
Is 4763856 a multiple of 48?
True
Is 2007149 a multiple of 386?
False
Is 7608746 a multiple of 17?
False
Is 835 a factor of 1521035?
False
Is 9366942 a multiple of 202?
True
Is 73 a factor of 641597?
True
Is 168710 a multiple of 48?
False
Does 11 divide 432769?
False
Does 102 divide 3710304?
False
Does 176 divide 74800?
True
Does 119 divide 12819513?
True
Is 339952 a multiple of 26?
False
Does 8 divide 3851544?
True
Is 64680 a multiple of 15?
True
Does 267 divide 527058?
True
Is 23036 a multiple of 26?
True
Is 1868648 a multiple of 48?
False
Is 669896 a multiple of 69?
False
Is 20058596 a multiple of 26?
False
Is 45 a factor of 9550224?
False
Is 10783 a multiple of 41?
True
Is 15 a factor of 3558921?
False
Is 4 a factor of 1407248?
True
Is 1506006 a multiple of 54?
True
Is 1953 a factor of 4868829?
True
Is 1418252 a multiple of 637?
False
Is 10 a factor of 33400?
True
Does 3 divide 24161?
False
Does 88 divide 275880?
True
Is 33270 a multiple of 5?
True
Does 45 divide 14721?
False
Is 838 a factor of 10412150?
True
Is 9440760 a multiple of 15?
True
Is 4 a factor of 524787?
False
Is 7948860 a multiple of 1020?
True
Is 81 a factor of 14888529?
True
Does 78 divide 2831034?
False
Does 1578 divide 14422920?
True
Does 206 divide 639774?
False
Is 661620 a multiple of 15?
True
Is 4009812 a multiple of 12?
True
Is 404683 a multiple of 12?
False
Is 19678626 a multiple of 297?
True
Is 236280 a multiple of 20?
True
Does 110 divide 582890?
True
Does 13 divide 50665?
False
Is 25008130 a multiple of 98?
True
Is 352 a factor of 1242912?
True
Is 542502 a multiple of 55?
False
Is 9501832 a multiple of 82?
True
Does 27 divide 50139?
True
Does 204 divide 4924356?
True
Is 460412 a multiple of 199?
False
Is 1011731 even?
False
Does 294 divide 11029704?
True
Is 285 a factor of 143355?
True
Does 5 divide 310675?
True
Is 6460 a multiple of 19?
True
Is 2842642 a multiple of 22?
True
Is 9 a factor of 319761?
True
Is 108 a factor of 46332?
True
Is 3515973 a multiple of 31?
False
Is 1148928 a multiple of 256?
True
Is 86314 a multiple of 11?
False
Is 186630 a multiple of 30?
True
Does 6 divide 55877?
False
Is 630284 a multiple of 4?
True
Is 2667835 a multiple of 2?
False
Is 86 a factor of 396804?
True
Is 3 a factor of 524724?
True
Does 31 divide 1082181?
False
Is 11 a factor of 8536415?
False
Is 2519712 a multiple of 108?
False
Is 188 a factor of 277892?
False
Does 352 divide 6091151?
False
Is 681 a factor of 2187894?
False
Is 173946 a multiple of 159?
True
Does 153 divide 495706?
False
Does 67 divide 11609425?
True
Does 16 divide 434880?
True
Is 9192 a multiple of 24?
True
Does 136 divide 271840?
False
Is 55 a factor of 3461358?
False
Does 572 divide 558626?
False
Is 330 a factor of 2697090?
True
Does 1282 divide 6530054?
False
Does 25 divide 1683?
False
Is 277 a factor of 1588378?
False
Is 309 a factor of 2333617?
False
Does 16 divide 467904?
True
Does 17 divide 166634?
True
Does 6 divide 360119?
False
Is 5 a factor of 34075?
True
Is 418 a factor of 4381058?
True
Is 441606 a multiple of 66?
True
Is 110 a factor of 9419740?
True
Is 4216768 a multiple of 64?
True
Is 290 a factor of 213730?
True
Does 10 divide 3931260?
True
Is 20 a factor of 52078?
False
Is 210805 a multiple of 489?
False
Is 548685 a multiple of 15?
True
Does 40 divide 613551?
False
Does 3 divide 70134?
True
Is 11 a factor of 4286029?
True
Is 84791 a multiple of 17?
False
Does 7 divide 404115?
False
Is 25513 a multiple of 54?
False
Is 4271806 a multiple of 28?
False
Is 71046 a multiple of 253?
False
Does 92 divide 546733?
False
Is 8988146 a multiple of 18?
False
Does 59 divide 9436947?
False
Does 89 divide 3058841?
True
Is 6 a factor of 1758?
True
Is 86 a factor of 24596?
True
Is 562 a factor of 2271604?
True
Is 4631716 a multiple of 3?
False
Is 380 a factor of 4349676?
False
Is 46 a factor of 16612?
False
Is 45 a factor of 2681460?
True
Is 598428 a multiple of 54?
True
Is 5663236 a multiple of 116?
True
Does 55 divide 619630?
True
Is 37400 a multiple of 40?
True
Is 47435 a multiple of 16?
False
Does 162 divide 678456?
True
Is 48 a factor of 2044704?
True
Does 187 divide 427295?
True
Does 1016 divide 3712464?
True
Does 5 divide 60799?
False
Is 15 a factor of 196380?
True
Is 1664738 a multiple of 18?
False
Is 7 a factor of 11265?
False
Is 778 a factor of 590502?
True
Does 89 divide 68214?
False
Is 20 a factor of 5740?
True
Is 124029 a multiple of 9?
True
Does 9 divide 76970?
False
Is 100304 a multiple of 146?
False
Is 37 a factor of 12777617?
True
Is 573 a factor of 24042483?
False
Does 85 divide 127840?
True
Is 76 a factor of 73626?
False
Is 28 a factor of 346316?
False
Is 231165 a multiple of 9?
True
Is 82 a factor of 49106?
False
Does 18 divide 7334262?
True
Is 76 a factor of 152682?
False
Does 209 divide 1064646?
True
Is 257 a factor of 6741586?
False
Does 166 divide 14564353?
False
Does 304 divide 643483?
False
Is 164 a factor of 60646?
False
Is 959346 a multiple of 717?
True
Does 189 divide 2554524?
True
Does 7 divide 10560?
False
Is 5 a factor of 166870?
True
Is 125150 a multiple of 21?
False
Is 21 a factor of 13871277?
True
Does 56 divide 2856448?
True
Is 859980 a multiple of 330?
True
Is 14 a factor of 5950?
True
Does 17 divide 1495203?
False
Is 654 a factor of 289068?
True
Is 14209452 a multiple of 41?
True
Does 236 divide 2508208?
True
Does 154 divide 7692916?
True
Is 137452 a multiple of 41?
False
Does 3 divide 18943?
False
Is 1793410 a multiple of 19?
True
Does 87 divide 714009?
True
Does 15 divide 20325?
True
Does 9 divide 11598399?
True
Is 8 a factor of 112948?
False
Is 18843 a multiple of 5?
False
Is 4 a factor of 199196?
True
Does 26 divide 2223128?
False
Is 379967 a multiple of 103?
True
Does 10 divide 272571?
False
Does 161 divide 106342?
False
Does 255 divide 3807978?
Fals